{"id":925,"date":"2020-02-26T12:03:08","date_gmt":"2020-02-26T18:03:08","guid":{"rendered":"http:\/\/oxejalsa.com\/?post_type=product&#038;p=925"},"modified":"2020-03-09T17:09:38","modified_gmt":"2020-03-09T23:09:38","slug":"skyworks-3550","status":"publish","type":"product","link":"https:\/\/oxejalsa.com\/index.php\/product\/skyworks-3550\/","title":{"rendered":"SKYWORKS 3550 SWEISS"},"content":{"rendered":"<p>Su contenido, peso y tama\u00f1o, junto con las mejores prestaciones en el mercado lo hacen ideal para cualquier mantenimiento o taller, incorpora <strong>AFS<\/strong>. Excelentes resultados en todos los procesos gracias a la m\u00e1s avanzada tecnolog\u00eda y a su excelente control sin\u00e9rgico y Burn back regulable. (<strong>Bobina de 15 Kg<\/strong>). Permite soldar todo tipo de materiales en MIG, con gas o sin gas, en TIG DC y en todo tipo de electrodos: <strong>6011, 6013, 7018, SS.<\/strong><\/p>\n<p>Conexi\u00f3n \/ connection 220V &#8211; 3ph<\/p>\n<div class=\"cont_id_single\">\n<div class=\"item_d_sgl id_sgl1\">350 Amp<\/div>\n<div class=\"item_d_sgl id_sgl1\">MIG MAG<\/div>\n<div class=\"item_d_sgl id_sgl1\">MMA<\/div>\n<div class=\"item_d_sgl id_sgl1\">TIG<\/div>\n<\/div>\n","protected":false},"excerpt":{"rendered":"<div class=\"panel panel-default\">\n<div id=\"heading1\" class=\"panel-heading active\" role=\"tab\">\n<div class=\"mayus\">PRINCIPALES CARACTER\u00cdSTICAS<\/div>\n<\/div>\n<div id=\"collaps1\" class=\"panel-collapse collapse in\" role=\"tabpanel\" aria-labelledby=\"heading1\" aria-expanded=\"true\">\n<div class=\"panel-body\">\n<ul>\n<li>Facilita el <strong>INICIO del arco<\/strong>, precalentando el electrodo.<\/li>\n<li>Mejora la <strong>ESTABILIDAD DEL ARCO<\/strong> y evita que el electrodo se pegue.<\/li>\n<li>Si el electrodo se pega, el equipo detiene la potencia para que se pueda despegar f\u00e1cilmente.<\/li>\n<li>Facilita el <strong>INICIO del ARCO en TIG<\/strong>, sin contaminaci\u00f3n del tungsteno.<\/li>\n<li>La \u00faltima tecnolog\u00eda resonante con microprocesador para ofrecer el <strong>MEJOR ARCO.<\/strong><\/li>\n<\/ul>\n<\/div>\n<\/div>\n<\/div>\n","protected":false},"featured_media":958,"comment_status":"open","ping_status":"closed","template":"","meta":{"_acf_changed":false},"product_brand":[],"product_cat":[21],"product_tag":[],"class_list":{"0":"post-925","1":"product","2":"type-product","3":"status-publish","4":"has-post-thumbnail","6":"product_cat-maquinas","8":"first","9":"instock","10":"shipping-taxable","11":"product-type-simple"},"acf":[],"jetpack_sharing_enabled":true,"_links":{"self":[{"href":"https:\/\/oxejalsa.com\/index.php\/wp-json\/wp\/v2\/product\/925","targetHints":{"allow":["GET"]}}],"collection":[{"href":"https:\/\/oxejalsa.com\/index.php\/wp-json\/wp\/v2\/product"}],"about":[{"href":"https:\/\/oxejalsa.com\/index.php\/wp-json\/wp\/v2\/types\/product"}],"replies":[{"embeddable":true,"href":"https:\/\/oxejalsa.com\/index.php\/wp-json\/wp\/v2\/comments?post=925"}],"wp:featuredmedia":[{"embeddable":true,"href":"https:\/\/oxejalsa.com\/index.php\/wp-json\/wp\/v2\/media\/958"}],"wp:attachment":[{"href":"https:\/\/oxejalsa.com\/index.php\/wp-json\/wp\/v2\/media?parent=925"}],"wp:term":[{"taxonomy":"product_brand","embeddable":true,"href":"https:\/\/oxejalsa.com\/index.php\/wp-json\/wp\/v2\/product_brand?post=925"},{"taxonomy":"product_cat","embeddable":true,"href":"https:\/\/oxejalsa.com\/index.php\/wp-json\/wp\/v2\/product_cat?post=925"},{"taxonomy":"product_tag","embeddable":true,"href":"https:\/\/oxejalsa.com\/index.php\/wp-json\/wp\/v2\/product_tag?post=925"}],"curies":[{"name":"wp","href":"https:\/\/api.w.org\/{rel}","templated":true}]}}