{"id":587,"date":"2018-07-13T11:06:05","date_gmt":"2018-07-13T17:06:05","guid":{"rendered":"http:\/\/dummy.oxejalsa.com.mx\/?post_type=product&#038;p=587"},"modified":"2020-05-05T13:34:32","modified_gmt":"2020-05-05T19:34:32","slug":"digital-elite-raptor","status":"publish","type":"product","link":"https:\/\/oxejalsa.com\/index.php\/product\/digital-elite-raptor\/","title":{"rendered":"Digital Elite\u2122, Raptor\u2122"},"content":{"rendered":"<p><img loading=\"lazy\" decoding=\"async\" src=\"http:\/\/dummy.oxejalsa.com.mx\/wp-content\/uploads\/2018\/07\/Elite_DigitalLens_Crop-300x300.jpg\" alt=\"\" width=\"300\" height=\"300\" class=\"alignnone size-medium wp-image-585\" srcset=\"https:\/\/oxejalsa.com\/wp-content\/uploads\/2018\/07\/Elite_DigitalLens_Crop-300x300.jpg 300w, https:\/\/oxejalsa.com\/wp-content\/uploads\/2018\/07\/Elite_DigitalLens_Crop-346x346.jpg 346w, https:\/\/oxejalsa.com\/wp-content\/uploads\/2018\/07\/Elite_DigitalLens_Crop-100x100.jpg 100w, https:\/\/oxejalsa.com\/wp-content\/uploads\/2018\/07\/Elite_DigitalLens_Crop-416x416.jpg 416w, https:\/\/oxejalsa.com\/wp-content\/uploads\/2018\/07\/Elite_DigitalLens_Crop-150x150.jpg 150w, https:\/\/oxejalsa.com\/wp-content\/uploads\/2018\/07\/Elite_DigitalLens_Crop-324x324.jpg 324w, https:\/\/oxejalsa.com\/wp-content\/uploads\/2018\/07\/Elite_DigitalLens_Crop.jpg 445w\" sizes=\"auto, (max-width: 300px) 100vw, 300px\" \/><img loading=\"lazy\" decoding=\"async\" src=\"http:\/\/dummy.oxejalsa.com.mx\/wp-content\/uploads\/2018\/07\/Headgear_RF-300x300.jpg\" alt=\"\" width=\"300\" height=\"300\" class=\"alignnone size-medium wp-image-584\" srcset=\"https:\/\/oxejalsa.com\/wp-content\/uploads\/2018\/07\/Headgear_RF-300x300.jpg 300w, https:\/\/oxejalsa.com\/wp-content\/uploads\/2018\/07\/Headgear_RF-346x346.jpg 346w, https:\/\/oxejalsa.com\/wp-content\/uploads\/2018\/07\/Headgear_RF-100x100.jpg 100w, https:\/\/oxejalsa.com\/wp-content\/uploads\/2018\/07\/Headgear_RF-416x416.jpg 416w, https:\/\/oxejalsa.com\/wp-content\/uploads\/2018\/07\/Headgear_RF-150x150.jpg 150w, https:\/\/oxejalsa.com\/wp-content\/uploads\/2018\/07\/Headgear_RF-324x324.jpg 324w, https:\/\/oxejalsa.com\/wp-content\/uploads\/2018\/07\/Headgear_RF.jpg 445w\" sizes=\"auto, (max-width: 300px) 100vw, 300px\" \/><\/p>\n","protected":false},"excerpt":{"rendered":"<p>Careta Electr\u00f3nica l\u00edder en la industria la cual ofrece versatilidad y alto rendimiento, cuenta con tecnolog\u00eda de lentes ClearLight \u2122<br \/>\nSombra regulable 9-13<br \/>\nModo: Esmerilar<br \/>\nSoldar<br \/>\nCorta<br \/>\nControles digitales que facilitan el ajuste de sombra, sensibilidad y retraso de sombra<br \/>\nCampo de Vista: 9.22 pulgadas<\/p>\n","protected":false},"featured_media":629,"comment_status":"open","ping_status":"closed","template":"","meta":{"_acf_changed":false},"product_brand":[],"product_cat":[32],"product_tag":[],"class_list":{"0":"post-587","1":"product","2":"type-product","3":"status-publish","4":"has-post-thumbnail","6":"product_cat-caretas-electronicas","8":"first","9":"instock","10":"shipping-taxable","11":"product-type-simple"},"acf":[],"jetpack_sharing_enabled":true,"_links":{"self":[{"href":"https:\/\/oxejalsa.com\/index.php\/wp-json\/wp\/v2\/product\/587","targetHints":{"allow":["GET"]}}],"collection":[{"href":"https:\/\/oxejalsa.com\/index.php\/wp-json\/wp\/v2\/product"}],"about":[{"href":"https:\/\/oxejalsa.com\/index.php\/wp-json\/wp\/v2\/types\/product"}],"replies":[{"embeddable":true,"href":"https:\/\/oxejalsa.com\/index.php\/wp-json\/wp\/v2\/comments?post=587"}],"wp:featuredmedia":[{"embeddable":true,"href":"https:\/\/oxejalsa.com\/index.php\/wp-json\/wp\/v2\/media\/629"}],"wp:attachment":[{"href":"https:\/\/oxejalsa.com\/index.php\/wp-json\/wp\/v2\/media?parent=587"}],"wp:term":[{"taxonomy":"product_brand","embeddable":true,"href":"https:\/\/oxejalsa.com\/index.php\/wp-json\/wp\/v2\/product_brand?post=587"},{"taxonomy":"product_cat","embeddable":true,"href":"https:\/\/oxejalsa.com\/index.php\/wp-json\/wp\/v2\/product_cat?post=587"},{"taxonomy":"product_tag","embeddable":true,"href":"https:\/\/oxejalsa.com\/index.php\/wp-json\/wp\/v2\/product_tag?post=587"}],"curies":[{"name":"wp","href":"https:\/\/api.w.org\/{rel}","templated":true}]}}