{"id":1873,"date":"2022-07-07T09:57:54","date_gmt":"2022-07-07T15:57:54","guid":{"rendered":"http:\/\/oxejalsa.com\/?post_type=product&#038;p=1873"},"modified":"2022-07-07T09:57:55","modified_gmt":"2022-07-07T15:57:55","slug":"cortina-protectora-transparente-para-soldar","status":"publish","type":"product","link":"https:\/\/oxejalsa.com\/index.php\/product\/cortina-protectora-transparente-para-soldar\/","title":{"rendered":"CORTINA PROTECTORA TRANSPARENTE PARA SOLDAR"},"content":{"rendered":"<h2>Cortinas transparentes para soldar<\/h2>\n<p>Las cortinas para soldadura Weld500\u00ae est\u00e1n espec\u00edficamente dise\u00f1adas y fabricadas para eliminar la peligrosa radiaci\u00f3n ultra violeta y minimizar el resplandor producido por el arco de soldadura.<\/p>\n<p>\u2013\u00a0 Basadas en principios cient\u00edficos para proteger al soldador.<\/p>\n<p>\u2013\u00a0 Elimina los da\u00f1inos rayos ultravioleta.<\/p>\n<p>\u2013\u00a0 Brinda buena visibilidad por lo que hace m\u00e1s f\u00e1cil el trabajo de supervisi\u00f3n.<\/p>\n<p>\u2013\u00a0 Minimiza el resplandor del arco y mejora la visibilidad del soldador al momento del arco.<\/p>\n<p>\u2013\u00a0 Los cuatro lados vienen vulcanizados y con ojillos de metal.<\/p>\n<p>\u2013\u00a0 Puede ser usada en trabajos de soldadura MIG, TIG, electrodo revestido y otros procesos de soldadura el\u00e9ctrica.<\/p>\n<table>\n<tbody>\n<tr class=\"js-fila-titulos\">\n<td><strong>SKU<\/strong><\/td>\n<td><strong>Alto x ancho mts<\/strong><\/td>\n<\/tr>\n<tr>\n<td>WLD*SP-6636<\/td>\n<td>1.82 x 1.82<\/td>\n<\/tr>\n<tr>\n<td>WLD*SP-6848-25<\/td>\n<td>1.82 x 2.43<\/td>\n<\/tr>\n<\/tbody>\n<\/table>\n<p><strong>*Las medidas incluyen el \u00e1rea de doblez para los ojillos.<\/strong><\/p>\n<p>COTIZACIONES<\/p>\n<p>servicio@oxejalsa.com<\/p>\n","protected":false},"excerpt":{"rendered":"<p>Cortinas transparentes para soldar \u00a0 Las cortinas para soldadura Weld 500\u00ae est\u00e1n espec\u00edficamente dise\u00f1adas y fabricadas para eliminar la peligrosa radiaci\u00f3n<\/p>\n","protected":false},"featured_media":1874,"comment_status":"open","ping_status":"closed","template":"","meta":{"_acf_changed":false},"product_brand":[],"product_cat":[18,33],"product_tag":[],"class_list":{"0":"post-1873","1":"product","2":"type-product","3":"status-publish","4":"has-post-thumbnail","6":"product_cat-accesorios","7":"product_cat-seguridad-industrial","9":"first","10":"instock","11":"shipping-taxable","12":"product-type-simple"},"acf":[],"jetpack_sharing_enabled":true,"_links":{"self":[{"href":"https:\/\/oxejalsa.com\/index.php\/wp-json\/wp\/v2\/product\/1873","targetHints":{"allow":["GET"]}}],"collection":[{"href":"https:\/\/oxejalsa.com\/index.php\/wp-json\/wp\/v2\/product"}],"about":[{"href":"https:\/\/oxejalsa.com\/index.php\/wp-json\/wp\/v2\/types\/product"}],"replies":[{"embeddable":true,"href":"https:\/\/oxejalsa.com\/index.php\/wp-json\/wp\/v2\/comments?post=1873"}],"wp:featuredmedia":[{"embeddable":true,"href":"https:\/\/oxejalsa.com\/index.php\/wp-json\/wp\/v2\/media\/1874"}],"wp:attachment":[{"href":"https:\/\/oxejalsa.com\/index.php\/wp-json\/wp\/v2\/media?parent=1873"}],"wp:term":[{"taxonomy":"product_brand","embeddable":true,"href":"https:\/\/oxejalsa.com\/index.php\/wp-json\/wp\/v2\/product_brand?post=1873"},{"taxonomy":"product_cat","embeddable":true,"href":"https:\/\/oxejalsa.com\/index.php\/wp-json\/wp\/v2\/product_cat?post=1873"},{"taxonomy":"product_tag","embeddable":true,"href":"https:\/\/oxejalsa.com\/index.php\/wp-json\/wp\/v2\/product_tag?post=1873"}],"curies":[{"name":"wp","href":"https:\/\/api.w.org\/{rel}","templated":true}]}}