{"id":1834,"date":"2022-06-20T17:02:28","date_gmt":"2022-06-20T23:02:28","guid":{"rendered":"http:\/\/oxejalsa.com\/?post_type=product&#038;p=1834"},"modified":"2022-06-20T17:03:03","modified_gmt":"2022-06-20T23:03:03","slug":"maquina-millermatic-350p-miller-907300-microalambre-pulsado","status":"publish","type":"product","link":"https:\/\/oxejalsa.com\/index.php\/product\/maquina-millermatic-350p-miller-907300-microalambre-pulsado\/","title":{"rendered":"M\u00e1quina Millermatic 350P Miller 907300 Microalambre Pulsado"},"content":{"rendered":"<p>M\u00e1quina Dise\u00f1ada para trabajos de fabricaci\u00f3n en serie, manufactura industrial.<\/p>\n<p>Auto-Gun Detect\u2122<\/p>\n<p>Control infinito de voltaje con medidores digitales autocalibrados<\/p>\n<p>Temporizadores digitales integrados<\/p>\n<p>Sistema de accionamiento de aluminio con cuatro rodillos<\/p>\n<p>Sistema de enfriamiento Fan-On-Demand\u2122.<\/p>\n<p>Para informaci\u00f3n mas detallada dar click al siguiente link<\/p>\n<p>Millermatic 350<\/p>\n","protected":false},"excerpt":{"rendered":"<p>Equipo dise\u00f1ado para soldar aluminio, gracias a sistema pulsado hace que el soldador pueda aplicar los mejores cordones para un excelente presentaci\u00f3n en las uniones a soldar. 3 a\u00f1os de garant\u00eda m\u00e1quina de 220 volts 1 hilos y 3 hilos.<\/p>\n","protected":false},"featured_media":1835,"comment_status":"open","ping_status":"closed","template":"","meta":{"_acf_changed":false},"product_brand":[],"product_cat":[21],"product_tag":[],"class_list":{"0":"post-1834","1":"product","2":"type-product","3":"status-publish","4":"has-post-thumbnail","6":"product_cat-maquinas","8":"first","9":"instock","10":"shipping-taxable","11":"product-type-simple"},"acf":[],"jetpack_sharing_enabled":true,"_links":{"self":[{"href":"https:\/\/oxejalsa.com\/index.php\/wp-json\/wp\/v2\/product\/1834","targetHints":{"allow":["GET"]}}],"collection":[{"href":"https:\/\/oxejalsa.com\/index.php\/wp-json\/wp\/v2\/product"}],"about":[{"href":"https:\/\/oxejalsa.com\/index.php\/wp-json\/wp\/v2\/types\/product"}],"replies":[{"embeddable":true,"href":"https:\/\/oxejalsa.com\/index.php\/wp-json\/wp\/v2\/comments?post=1834"}],"wp:featuredmedia":[{"embeddable":true,"href":"https:\/\/oxejalsa.com\/index.php\/wp-json\/wp\/v2\/media\/1835"}],"wp:attachment":[{"href":"https:\/\/oxejalsa.com\/index.php\/wp-json\/wp\/v2\/media?parent=1834"}],"wp:term":[{"taxonomy":"product_brand","embeddable":true,"href":"https:\/\/oxejalsa.com\/index.php\/wp-json\/wp\/v2\/product_brand?post=1834"},{"taxonomy":"product_cat","embeddable":true,"href":"https:\/\/oxejalsa.com\/index.php\/wp-json\/wp\/v2\/product_cat?post=1834"},{"taxonomy":"product_tag","embeddable":true,"href":"https:\/\/oxejalsa.com\/index.php\/wp-json\/wp\/v2\/product_tag?post=1834"}],"curies":[{"name":"wp","href":"https:\/\/api.w.org\/{rel}","templated":true}]}}