{"id":1723,"date":"2021-09-07T08:46:06","date_gmt":"2021-09-07T14:46:06","guid":{"rendered":"http:\/\/oxejalsa.com\/?post_type=product&#038;p=1723"},"modified":"2021-09-07T08:52:56","modified_gmt":"2021-09-07T14:52:56","slug":"regulador-oxigeno-medicinal","status":"publish","type":"product","link":"https:\/\/oxejalsa.com\/index.php\/product\/regulador-oxigeno-medicinal\/","title":{"rendered":"REGULADOR OX\u00cdGENO MEDICINAL"},"content":{"rendered":"","protected":false},"excerpt":{"rendered":"<p>Regulador Ox\u00edgeno Medicinal con fluj\u00f3metro<\/p>\n<p>Incluye<\/p>\n<p>Vaso Humidificador y c\u00e1nula<\/p>\n","protected":false},"featured_media":1728,"comment_status":"open","ping_status":"closed","template":"","meta":{"_acf_changed":false},"product_brand":[],"product_cat":[45,42],"product_tag":[],"class_list":{"0":"post-1723","1":"product","2":"type-product","3":"status-publish","4":"has-post-thumbnail","6":"product_cat-equipo-medicinal","7":"product_cat-reguladoresgases","9":"first","10":"instock","11":"shipping-taxable","12":"product-type-simple"},"acf":[],"jetpack_sharing_enabled":true,"_links":{"self":[{"href":"https:\/\/oxejalsa.com\/index.php\/wp-json\/wp\/v2\/product\/1723","targetHints":{"allow":["GET"]}}],"collection":[{"href":"https:\/\/oxejalsa.com\/index.php\/wp-json\/wp\/v2\/product"}],"about":[{"href":"https:\/\/oxejalsa.com\/index.php\/wp-json\/wp\/v2\/types\/product"}],"replies":[{"embeddable":true,"href":"https:\/\/oxejalsa.com\/index.php\/wp-json\/wp\/v2\/comments?post=1723"}],"wp:featuredmedia":[{"embeddable":true,"href":"https:\/\/oxejalsa.com\/index.php\/wp-json\/wp\/v2\/media\/1728"}],"wp:attachment":[{"href":"https:\/\/oxejalsa.com\/index.php\/wp-json\/wp\/v2\/media?parent=1723"}],"wp:term":[{"taxonomy":"product_brand","embeddable":true,"href":"https:\/\/oxejalsa.com\/index.php\/wp-json\/wp\/v2\/product_brand?post=1723"},{"taxonomy":"product_cat","embeddable":true,"href":"https:\/\/oxejalsa.com\/index.php\/wp-json\/wp\/v2\/product_cat?post=1723"},{"taxonomy":"product_tag","embeddable":true,"href":"https:\/\/oxejalsa.com\/index.php\/wp-json\/wp\/v2\/product_tag?post=1723"}],"curies":[{"name":"wp","href":"https:\/\/api.w.org\/{rel}","templated":true}]}}