{"id":1688,"date":"2021-09-02T12:22:22","date_gmt":"2021-09-02T18:22:22","guid":{"rendered":"http:\/\/oxejalsa.com\/?post_type=product&#038;p=1688"},"modified":"2021-09-02T12:25:29","modified_gmt":"2021-09-02T18:25:29","slug":"conector-unidor-de-cable-hembra-macho","status":"publish","type":"product","link":"https:\/\/oxejalsa.com\/index.php\/product\/conector-unidor-de-cable-hembra-macho\/","title":{"rendered":"CONECTOR UNIDOR DE CABLE HEMBRA\/MACHO"},"content":{"rendered":"<p>Juego de Conector Hembra y Macho unidor de cable.<\/p>\n<p>Especial para cable de 1\/0 2\/0<\/p>\n","protected":false},"excerpt":{"rendered":"<p>Descripci\u00f3n<\/p>\n<p>Dise\u00f1ado para transmitir eficientemente la corriente el\u00e9ctrica a trav\u00e9s de las dos partes desprendibles.<br \/>\nLas partes hembra y macho est\u00e1n dise\u00f1adas para que con un peque\u00f1o giro se mantengan firmemente unidas.<br \/>\nLas partes met\u00e1licas son maquinadas con precisi\u00f3n de aleaci\u00f3n de cobre que evita la oxidaci\u00f3n o corrosi\u00f3n.<br \/>\nLas cubiertas del conector a\u00edslan el\u00e9ctricamente y adem\u00e1s el material resiste calor, fr\u00edo, abrasi\u00f3n, ozono, aceite y solventes.<br \/>\nEl material de las cubiertas est\u00e1 especialmente fabricado con materiales retardantes a la flama y el dise\u00f1o c\u00f3nico en los extremos permite que el cable se ajuste muy bien, evitando que se introduzca suciedad o polvo.<\/p>\n","protected":false},"featured_media":1690,"comment_status":"open","ping_status":"closed","template":"","meta":{"_acf_changed":false},"product_brand":[],"product_cat":[18],"product_tag":[],"class_list":{"0":"post-1688","1":"product","2":"type-product","3":"status-publish","4":"has-post-thumbnail","6":"product_cat-accesorios","8":"first","9":"instock","10":"shipping-taxable","11":"product-type-simple"},"acf":[],"jetpack_sharing_enabled":true,"_links":{"self":[{"href":"https:\/\/oxejalsa.com\/index.php\/wp-json\/wp\/v2\/product\/1688","targetHints":{"allow":["GET"]}}],"collection":[{"href":"https:\/\/oxejalsa.com\/index.php\/wp-json\/wp\/v2\/product"}],"about":[{"href":"https:\/\/oxejalsa.com\/index.php\/wp-json\/wp\/v2\/types\/product"}],"replies":[{"embeddable":true,"href":"https:\/\/oxejalsa.com\/index.php\/wp-json\/wp\/v2\/comments?post=1688"}],"wp:featuredmedia":[{"embeddable":true,"href":"https:\/\/oxejalsa.com\/index.php\/wp-json\/wp\/v2\/media\/1690"}],"wp:attachment":[{"href":"https:\/\/oxejalsa.com\/index.php\/wp-json\/wp\/v2\/media?parent=1688"}],"wp:term":[{"taxonomy":"product_brand","embeddable":true,"href":"https:\/\/oxejalsa.com\/index.php\/wp-json\/wp\/v2\/product_brand?post=1688"},{"taxonomy":"product_cat","embeddable":true,"href":"https:\/\/oxejalsa.com\/index.php\/wp-json\/wp\/v2\/product_cat?post=1688"},{"taxonomy":"product_tag","embeddable":true,"href":"https:\/\/oxejalsa.com\/index.php\/wp-json\/wp\/v2\/product_tag?post=1688"}],"curies":[{"name":"wp","href":"https:\/\/api.w.org\/{rel}","templated":true}]}}