{"id":1384,"date":"2020-07-29T11:10:07","date_gmt":"2020-07-29T17:10:07","guid":{"rendered":"http:\/\/oxejalsa.com\/?post_type=product&#038;p=1384"},"modified":"2024-09-04T08:38:26","modified_gmt":"2024-09-04T14:38:26","slug":"regulador-argon-c-flujometro-cortec","status":"publish","type":"product","link":"https:\/\/oxejalsa.com\/index.php\/product\/regulador-argon-c-flujometro-cortec\/","title":{"rendered":"REGULADOR ARG\u00d3N C\/FLUJ\u00d3METRO CORTEC"},"content":{"rendered":"<p>Conexi\u00f3n de entrada con tuerca de apriete para usar llave.<\/p>\n<p>Cuerpo de lat\u00f3n amarillo.<\/p>\n<p>El regulador fluj\u00f3metro COR*RFCO2CC esta dise\u00f1ado para usarse en climas muy fr\u00edos o en aplicaciones con alta demanda de gas sin que el equipo se congele.<\/p>\n<p>Su dise\u00f1o incorpora aletas de aluminio y calentador el\u00e9ctrico para mayor eficiencia.<\/p>\n<p>Para aplicaciones con alambres tubulares de gran di\u00e1metro.<\/p>\n","protected":false},"excerpt":{"rendered":"<p>Regulador de arg\u00f3n con fluj\u00f3metro<\/p>\n","protected":false},"featured_media":1386,"comment_status":"open","ping_status":"closed","template":"","meta":{"_acf_changed":false},"product_brand":[],"product_cat":[42,15],"product_tag":[],"class_list":{"0":"post-1384","1":"product","2":"type-product","3":"status-publish","4":"has-post-thumbnail","6":"product_cat-reguladoresgases","7":"product_cat-prueba","9":"first","10":"instock","11":"shipping-taxable","12":"product-type-simple"},"acf":[],"jetpack_sharing_enabled":true,"_links":{"self":[{"href":"https:\/\/oxejalsa.com\/index.php\/wp-json\/wp\/v2\/product\/1384","targetHints":{"allow":["GET"]}}],"collection":[{"href":"https:\/\/oxejalsa.com\/index.php\/wp-json\/wp\/v2\/product"}],"about":[{"href":"https:\/\/oxejalsa.com\/index.php\/wp-json\/wp\/v2\/types\/product"}],"replies":[{"embeddable":true,"href":"https:\/\/oxejalsa.com\/index.php\/wp-json\/wp\/v2\/comments?post=1384"}],"wp:featuredmedia":[{"embeddable":true,"href":"https:\/\/oxejalsa.com\/index.php\/wp-json\/wp\/v2\/media\/1386"}],"wp:attachment":[{"href":"https:\/\/oxejalsa.com\/index.php\/wp-json\/wp\/v2\/media?parent=1384"}],"wp:term":[{"taxonomy":"product_brand","embeddable":true,"href":"https:\/\/oxejalsa.com\/index.php\/wp-json\/wp\/v2\/product_brand?post=1384"},{"taxonomy":"product_cat","embeddable":true,"href":"https:\/\/oxejalsa.com\/index.php\/wp-json\/wp\/v2\/product_cat?post=1384"},{"taxonomy":"product_tag","embeddable":true,"href":"https:\/\/oxejalsa.com\/index.php\/wp-json\/wp\/v2\/product_tag?post=1384"}],"curies":[{"name":"wp","href":"https:\/\/api.w.org\/{rel}","templated":true}]}}